 the hundreds digit of 2397860?
8
What is the units digit of 222426?
6
What is the ten thousands digit of 6178194?
7
What is the units digit of 8530165?
5
What is the tens digit of 14287?
8
What is the thousands digit of 224778?
4
What is the thousands digit of 644199?
4
What is the thousands digit of 261001?
1
What is the tens digit of 6614384?
8
What is the tens digit of 13089648?
4
What is the millions digit of 2071045?
2
What is the thousands digit of 19300840?
0
What is the tens digit of 569680?
8
What is the units digit of 40297?
7
What is the ten thousands digit of 134975?
3
What is the thousands digit of 238463?
8
What is the thousands digit of 269901?
9
What is the units digit of 1775396?
6
What is the units digit of 29194?
4
What is the thousands digit of 308861?
8
What is the thousands digit of 6368665?
8
What is the units digit of 85545?
5
What is the units digit of 2183645?
5
What is the ten thousands digit of 211043?
1
What is the units digit of 2910401?
1
What is the hundred thousands digit of 157608?
1
What is the ten thousands digit of 4814149?
1
What is the ten thousands digit of 585216?
8
What is the tens digit of 5054938?
3
What is the units digit of 92866?
6
What is the units digit of 20592627?
7
What is the units digit of 106160?
0
What is the tens digit of 285108?
0
What is the tens digit of 5270447?
4
What is the thousands digit of 342110?
2
What is the hundreds digit of 256031?
0
What is the hundreds digit of 1493919?
9
What is the hundreds digit of 441406?
4
What is the units digit of 770789?
9
What is the thousands digit of 177241?
7
What is the ten thousands digit of 12341132?
4
What is the hundreds digit of 39474?
4
What is the tens digit of 1121708?
0
What is the hundreds digit of 176050?
0
What is the units digit of 4837652?
2
What is the units digit of 8366850?
0
What is the hundred thousands digit of 3106822?
1
What is the thousands digit of 273846?
3
What is the units digit of 498464?
4
What is the hundred thousands digit of 1764817?
7
What is the hundred thousands digit of 1536306?
5
What is the hundreds digit of 14678?
6
What is the hundreds digit of 13783275?
2
What is the ten thousands digit of 686275?
8
What is the hundreds digit of 1223284?
2
What is the units digit of 629365?
5
What is the millions digit of 2501324?
2
What is the ten thousands digit of 206298?
0
What is the units digit of 703349?
9
What is the hundreds digit of 614677?
6
What is the hundred thousands digit of 683096?
6
What is the tens digit of 30284956?
5
What is the millions digit of 4744991?
4
What is the millions digit of 26842719?
6
What is the tens digit of 74497?
9
What is the ten thousands digit of 175482?
7
What is the tens digit of 416166?
6
What is the hundreds digit of 4238?
2
What is the units digit of 244544?
4
What is the ten thousands digit of 5707986?
0
What is the thousands digit of 239391?
9
What is the units digit of 152711?
1
What is the thousands digit of 1724591?
4
What is the millions digit of 1765779?
1
What is the tens digit of 24873?
7
What is the ten thousands digit of 869364?
6
What is the hundreds digit of 13569042?
0
What is the ten thousands digit of 11817043?
1
What is the units digit of 767969?
9
What is the hundreds digit of 229477?
4
What is the tens digit of 6385812?
1
What is the units digit of 531541?
1
What is the ten thousands digit of 3307862?
0
What is the thousands digit of 167860?
7
What is the tens digit of 20383798?
9
What is the hundreds digit of 734235?
2
What is the hundreds digit of 942265?
2
What is the thousands digit of 849503?
9
What is the units digit of 5880486?
6
What is the units digit of 3095018?
8
What is the millions digit of 2690435?
2
What is the units digit of 4122224?
4
What is the thousands digit of 297780?
7
What is the millions digit of 7743814?
7
What is the thousands digit of 596714?
6
What is the thousands digit of 77968?
7
What is the ten thousands digit of 3080175?
8
What is the millions digit of 1001260?
1
What is the ten thousands digit of 643450?
4
What is the hundred thousands digit of 1016064?
0
What is the thousands digit of 2060964?
0
What is the units digit of 3199777?
7
What is the units digit of 2467262?
2
What is the units digit of 1846870?
0
What is the ten thousands digit of 179487?
7
What is the thousands digit of 980107?
0
What is the thousands digit of 278744?
8
What is the tens digit of 4688449?
4
What is the hundred thousands digit of 168912?
1
What is the ten thousands digit of 489849?
8
What is the units digit of 22823134?
4
What is the hundred thousands digit of 6771651?
7
What is the millions digit of 1284513?
1
What is the hundred thousands digit of 101740?
1
What is the units digit of 683592?
2
What is the hundred thousands digit of 14590771?
5
What is the millions digit of 17468908?
7
What is the hundreds digit of 391181?
1
What is the units digit of 156113?
3
What is the units digit of 14118037?
7
What is the hundreds digit of 875132?
1
What is the hundred thousands digit of 870228?
8
What is the ten thousands digit of 3655361?
5
What is the ten thousands digit of 159231?
5
What is the thousands digit of 120640?
0
What is the hundreds digit of 207228?
2
What is the tens digit of 3028498?
9
What is the hundreds digit of 872946?
9
What is the hundreds digit of 466651?
6
What is the units digit of 6582?
2
What is the hundreds digit of 1829425?
4
What is the millions digit of 3211492?
3
What is the millions digit of 2124332?
2
What is the hundreds digit of 7688152?
1
What is the tens digit of 3475817?
1
What is the units digit of 109929?
9
What is the units digit of 156286?
6
What is the tens digit of 125012?
1
What is the hundred thousands digit of 120828?
1
What is the ten thousands digit of 2127154?
2
What is the thousands digit of 380724?
0
What is the millions digit of 1005044?
1
What is the tens digit of 3132323?
2
What is the hundreds digit of 108458?
4
What is the units digit of 4884187?
7
What is the thousands digit of 390986?
0
What is the hundred thousands digit of 5105881?
1
What is the ten thousands digit of 1001625?
0
What is the units digit of 815694?
4
What is the ten thousands digit of 906690?
0
What is the thousands digit of 780884?
0
What is the thousands digit of 8003044?
3
What is the ten thousands digit of 2290312?
9
What is the ten thousands digit of 289057?
8
What is the tens digit of 1841?
4
What is the tens digit of 13558574?
7
What is the hundreds digit of 46731?
7
What is the hundred thousands digit of 507758?
5
What is the ten millions digit of 11796127?
1
What is the thousands digit of 345247?
5
What is the hundreds digit of 29977594?
5
What is the millions digit of 16703349?
6
What is the ten thousands digit of 8003152?
0
What is the tens digit of 286755?
5
What is the hundreds digit of 6512498?
4
What is the hundreds digit of 250669?
6
What is the units digit of 260666?
6
What is the units digit of 830747?
7
What is the hundreds digit of 1073719?
7
What is the tens digit of 12089741?
4
What is the hundred thousands digit of 173694?
1
What is the ten thousands digit of 13073013?
7
What is the millions digit of 2786983?
2
What is the thousands digit of 17120156?
0
What is the units digit of 142690?
0
What is the hundreds digit of 23770?
7
What is the hundred thousands digit of 298355?
2
What is the tens digit of 372003?
0
What is the millions digit of 2051222?
2
What is the hundreds digit of 13362628?
6
What is the units digit of 4505851?
1
What is the hundreds digit of 306231?
2
What is the units digit of 205290?
0
What is the ten thousands digit of 1146365?
4
What is the thousands digit of 10903456?
3
What is the units digit of 27958864?
4
What is the hundred thousands digit of 17438483?
4
What is the units digit of 103006?
6
What is the thousands digit of 547904?
7
What is the hundreds digit of 1772613?
6
What is the tens digit of 1224347?
4
What is the tens digit of 1051917?
1
What is the millions digit of 5271952?
5
What is the tens digit of 68739?
3
What is the hundreds digit of 169196?
1
What is the tens digit of 2559816?
1
What is the millions digit of 9106487?
9
What is the thousands digit of 858966?
8
What is the thousands digit of 339543?
9
What is the tens digit of 18907483?
8
What is the tens di